 7573
What are the prime factors of 3466130?
2, 5, 17, 20389
List the prime factors of 1341742.
2, 17, 19, 31, 67
List the prime factors of 12016984.
2, 7, 214589
What are the prime factors of 775800?
2, 3, 5, 431
What are the prime factors of 4165408?
2, 13, 17, 19, 31
What are the prime factors of 1221288?
2, 3, 151, 337
What are the prime factors of 2744992?
2, 85781
What are the prime factors of 190293?
3, 137, 463
What are the prime factors of 782837?
11, 71167
List the prime factors of 214756.
2, 53, 1013
What are the prime factors of 165275?
5, 11, 601
What are the prime factors of 26488698?
2, 3, 19, 232357
What are the prime factors of 227961?
3, 8443
What are the prime factors of 16035?
3, 5, 1069
What are the prime factors of 7240197?
3, 19, 37, 3433
List the prime factors of 388758.
2, 3, 64793
List the prime factors of 2410638.
2, 3, 401773
List the prime factors of 516362.
2, 7, 11, 479
List the prime factors of 11790277.
11790277
List the prime factors of 2173086.
2, 3, 23, 29, 181
List the prime factors of 834883.
7, 41, 2909
What are the prime factors of 99869?
7, 11, 1297
List the prime factors of 193288.
2, 37, 653
What are the prime factors of 372451?
372451
List the prime factors of 211352.
2, 29, 911
List the prime factors of 57541.
11, 5231
What are the prime factors of 264868?
2, 23, 2879
What are the prime factors of 204820?
2, 5, 7, 11, 19
What are the prime factors of 214094?
2, 167, 641
What are the prime factors of 614705?
5, 7, 13, 193
What are the prime factors of 657417?
3, 31, 7069
List the prime factors of 1088423.
7, 61, 2549
What are the prime factors of 523003?
13, 40231
What are the prime factors of 196506?
2, 3, 1213
What are the prime factors of 9247319?
19, 179, 2719
What are the prime factors of 6882386?
2, 7, 61, 8059
List the prime factors of 18430.
2, 5, 19, 97
What are the prime factors of 333368?
2, 7, 5953
What are the prime factors of 784349?
784349
What are the prime factors of 18757?
18757
List the prime factors of 3371026.
2, 821, 2053
What are the prime factors of 30681733?
541, 56713
List the prime factors of 3837464.
2, 73, 6571
List the prime factors of 160852.
2, 40213
What are the prime factors of 7098?
2, 3, 7, 13
What are the prime factors of 442000?
2, 5, 13, 17
List the prime factors of 2538875.
5, 19, 1069
List the prime factors of 5459544.
2, 3, 191, 397
What are the prime factors of 8438155?
5, 11, 153421
List the prime factors of 129845.
5, 25969
What are the prime factors of 6029725?
5, 13, 18553
List the prime factors of 5595110.
2, 5, 559511
What are the prime factors of 270335?
5, 13, 4159
What are the prime factors of 213338?
2, 106669
What are the prime factors of 132255?
3, 5, 2939
List the prime factors of 269382.
2, 3, 17, 19, 139
What are the prime factors of 247205?
5, 7, 1009
What are the prime factors of 2679713?
719, 3727
List the prime factors of 3960270.
2, 3, 5, 79, 557
What are the prime factors of 124084?
2, 67, 463
List the prime factors of 445020.
2, 3, 5, 7417
What are the prime factors of 28244418?
2, 3, 643, 7321
List the prime factors of 153306.
2, 3, 17, 167
List the prime factors of 5319745.
5, 43, 109, 227
List the prime factors of 3512455.
5, 17, 31, 43
What are the prime factors of 2117703?
3, 7, 31, 3253
What are the prime factors of 10357073?
1613, 6421
What are the prime factors of 32476799?
32476799
List the prime factors of 1584169.
1584169
List the prime factors of 188105.
5, 17, 2213
What are the prime factors of 258430?
2, 5, 43, 601
What are the prime factors of 945193?
19, 49747
List the prime factors of 30334.
2, 29, 523
List the prime factors of 583473.
3, 11, 17681
List the prime factors of 9827754.
2, 3, 1259, 1301
What are the prime factors of 16028842?
2, 8014421
List the prime factors of 1286079.
3, 428693
List the prime factors of 8691868.
2, 2172967
What are the prime factors of 2409959?
751, 3209
What are the prime factors of 326652?
2, 3, 163, 167
List the prime factors of 5179804.
2, 7, 184993
List the prime factors of 118929.
3, 29, 1367
List the prime factors of 2625103.
13, 113, 1787
What are the prime factors of 251181?
3, 7, 443
List the prime factors of 34188395.
5, 109, 62731
List the prime factors of 1076516.
2, 7, 38447
List the prime factors of 5593895.
5, 1118779
List the prime factors of 716104.
2, 89513
What are the prime factors of 173912?
2, 21739
List the prime factors of 579047.
7, 82721
What are the prime factors of 4736373?
3, 241, 6551
List the prime factors of 4096951.
19, 383, 563
What are the prime factors of 2605354?
2, 151, 8627
What are the prime factors of 159876?
2, 3, 4441
What are the prime factors of 1756971?
3, 109, 199
What are the prime factors of 1873919?
31, 60449
List the prime factors of 10652323.
11, 911, 1063
What are the prime factors of 1677501?
3, 7, 26627
What are the prime factors of 1290936?
2, 3, 19, 149
What are the prime factors of 1243888?
2, 77743
What are the prime factors of 147619?
43, 3433
List the prime factors of 172157.
172157
What are the prime factors of 326387?
71, 4597
What are the prime factors of 3060435?
3, 5, 7, 29147
What are the prime factors of 5144358?
2, 3, 883, 971
What are the prime factors of 1891127?
7, 19, 59, 241
What are the prime factors of 1642988?
2, 410747
What are the prime factors of 1013417?
103, 9839
What are the prime factors of 966038?
2, 43, 47, 239
List the prime factors of 26529.
3, 37, 239
What are the prime factors of 214133?
214133
List the prime factors of 491890.
2, 5, 7, 7027
List the prime factors of 223442.
2, 111721
What are the prime factors of 1907395?
5, 7, 54497
What are the prime factors of 36451?
36451
What are the prime factors of 3136512?
2, 3, 1021
List the prime factors of 148877.
53
What are the prime factors of 2433161?
2433161
List the prime factors of 1652205.
3, 5, 23, 4789
List the prime factors of 326972.
2, 43, 1901
What are the prime factors of 2516352?
2, 3, 6553
List the prime factors of 401404.
2, 17, 5903
List the prime factors of 166729.
137, 1217
What are the prime factors of 1780771?
1780771
List the prime factors of 285685.
5, 17, 3361
List the prime factors of 29231106.
2, 3, 79, 83, 743
What are the prime factors of 751606?
2, 67, 71, 79
What are the prime factors of 231128?
2, 167, 173
List the prime factors of 786185.
5, 97, 1621
What are the prime factors of 6127?
11, 557
List the prime factors of 378162.
2, 3, 47, 149
List the prime factors of 1853662.
2, 23, 59, 683
What are the prime factors of 634417?
7, 90631
What are the prime factors of 21359853?
3, 71, 33427
What are the prime factors of 882650?
2, 5, 127, 139
What are the prime factors of 7081251?
3, 2360417
List the prime factors of 821405.
5, 13, 12637
What are the prime factors of 1194491?
103, 11597
What are the prime factors of 137196?
2, 3, 37, 103
List the prime factors of 819670.
2, 5, 81967
List the prime factors of 8752543.
8752543
What are the prime factors of 29955054?
2, 3, 17, 293677
List the prime factors of 73457.
17, 29, 149
List the prime factors of 10713981.
3, 139, 25693
List the prime factors of 64098.
2, 3, 1187
What are the prime factors of 59915?
5, 23, 521
What are the prime factors of 499744?
2, 7, 23, 97
What are the prime factors of 1405970?
2, 5, 59, 2383
List the prime factors of 22436.
2, 71, 79
List the prime factors of 847892.
2, 17, 37, 337
List the prime factors of 2343697.
277, 8461
What are the prime factors of 4229255?
5, 73, 11587
List the prime factors of 9427654.
2, 23, 311, 659
What are the prime factors of 132027?
3, 7, 6287
List the prime factors of 184106.
2, 13, 73, 97
What are the prime factors of 882005?
5, 176401
What are the prime factors of 153157?
23, 6659
What are the prime factors of 4205648?
2, 262853
What are the prime factors of 290209?
290209
What are the prime factors of 4844035?
5, 7, 138401
What are the prime factors of 164710?
2, 5, 7, 13, 181
What are the prime factors of 426092?
2, 37, 2879
What are the prime factors of 2028431?
2028431
List the prime factors of 620372.
2, 31, 5003
List the prime factors of 4174160.
2, 5, 52177
What are the prime factors of 16734676?
2, 7, 85381
List the prime factors of 16846984.
2, 7, 11, 3907
What are the prime factors of 6034289?
89, 